 -101244?
100265
In base 7, what is -104124323 + -1?
-104124324
In base 4, what is -2 + -120201310222?
-120201310230
In base 3, what is -1111221011 - 121011?
-1112112022
In base 9, what is 2 + 3038714?
3038716
In base 13, what is 43 + 198192?
198205
In base 13, what is -b891 + -7496?
-16057
In base 5, what is 1020201 - 1324024?
-303323
In base 10, what is -3 + 565911?
565908
In base 10, what is -41013703 + 3?
-41013700
In base 8, what is 651206 - -555?
651763
In base 8, what is 7606141 + -25?
7606114
In base 15, what is -bd0d84 - 6?
-bd0d8a
In base 13, what is 27c - -108884?
108b33
In base 7, what is 1 - -225524143?
225524144
In base 8, what is 765 + 50353?
51340
In base 12, what is a751424 + -4?
a751420
In base 11, what is 43a + 424a4?
42933
In base 12, what is 13a13 - 9?
13a06
In base 12, what is 2b - 31b6?
-3187
In base 3, what is 221111002111011020 - 11?
221111002111011002
In base 15, what is -1 - 253c?
-253d
In base 3, what is 111201200112 + 1210111?
111210111000
In base 6, what is -11003 - 5511425?
-5522432
In base 12, what is 697 + 3b045?
3b720
In base 3, what is -122001222 - 221010212?
-1120012211
In base 7, what is 11121333 - 12?
11121321
In base 16, what is -50f73 - -9?
-50f6a
In base 5, what is -1302424104 + 120?
-1302423434
In base 10, what is 153282 + 1?
153283
In base 11, what is 324a88 + a7?
325084
In base 9, what is -687 - 44466?
-45264
In base 12, what is -11 + -a34175?
-a34186
In base 6, what is 205 - -340055?
340304
In base 11, what is 85261a - -585?
8530a4
In base 11, what is -5 + 811400?
8113a6
In base 12, what is -324405 - 12?
-324417
In base 5, what is -4323 + 433122?
423244
In base 9, what is -2 - -4486704?
4486702
In base 12, what is -11086 - -391a?
-9368
In base 9, what is 6112 + 27847?
35060
In base 6, what is 1223315151 - -5?
1223315200
In base 11, what is -3037512 + 1?
-3037511
In base 9, what is -488355 - -8?
-488346
In base 4, what is 210130300121 + 32?
210130300213
In base 7, what is -20324334 - 240?
-20324604
In base 3, what is -1000111111 - -212100?
-222122011
In base 15, what is -32 + 146cbe?
146c8c
In base 10, what is 3 - 759437?
-759434
In base 6, what is -150433532 + -355?
-150434331
In base 12, what is 3 - -135035?
135038
In base 6, what is -5325352 + 142?
-5325210
In base 4, what is -2100221333 - -11011?
-2100210322
In base 13, what is 13a9 + 43823?
44bcc
In base 7, what is 5 + 21051120?
21051125
In base 6, what is -3350 + -5544253?
-5552043
In base 10, what is 9 + 13697582?
13697591
In base 11, what is -2 - 165a367?
-165a369
In base 6, what is -5305021050 + 5?
-5305021041
In base 2, what is -111 + 10010100100101001011?
10010100100101000100
In base 14, what is -1a6cc53 - 5?
-1a6cc58
In base 5, what is 14 + 410042234?
410042303
In base 14, what is 2 - -28db00c?
28db010
In base 5, what is 13 + 14400134210?
14400134223
In base 9, what is -14250 + 301?
-13848
In base 9, what is -2448631 - -2?
-2448628
In base 2, what is 1001011110 + 100101011000111?
100110100100101
In base 15, what is 19acd06 - -2?
19acd08
In base 2, what is 1000011000100010000001010 + 10?
1000011000100010000001100
In base 12, what is 2 - a253460?
-a25345a
In base 5, what is -323022 + -42224?
-420301
In base 7, what is 5150510 - -452?
5151262
In base 7, what is -34 - 366654?
-400021
In base 11, what is 117a2a2 + 219?
117a510
In base 15, what is 18dd85 + -b?
18dd79
In base 11, what is 3768a83 - 3?
3768a80
In base 4, what is -1221313213221 - 1?
-1221313213222
In base 14, what is -537ad8 + 11?
-537ac7
In base 6, what is 3 - -231000305?
231000312
In base 6, what is 34131 - -315?
34450
In base 8, what is 20500 - 4353?
14125
In base 8, what is 5 + 2056016?
2056023
In base 3, what is 10001212021112201 - -11?
10001212021112212
In base 13, what is 13c + 7bac?
801b
In base 2, what is -101100111110011001000101 + 0?
-101100111110011001000101
In base 7, what is 2161615 + -6332?
2152253
In base 16, what is -2b3f451 + 3?
-2b3f44e
In base 9, what is -3781544 - -76?
-3781457
In base 11, what is -1449548 - 5a?
-14495a7
In base 6, what is -230234 + -3555?
-234233
In base 5, what is 41043432013 - -31?
41043432044
In base 16, what is 2588a89 + -6?
2588a83
In base 7, what is 320131 + -45?
320053
In base 5, what is 102224430023 + -1?
102224430022
In base 16, what is -13b17 - 40?
-13b57
In base 3, what is 121 + 11101121110202?
11101121111100
In base 10, what is 20229 + 157?
20386
In base 6, what is 5155551 + -1251?
5154300
In base 2, what is 1001010000111000 - 1011010?
1001001111011110
In base 3, what is 110210 + 1120210121002?
1120211001212
In base 7, what is 615 - 2044462?
-2043544
In base 5, what is -12001 + -41302?
-103303
In base 4, what is -2122121332202 - 3?
-2122121332211
In base 2, what is 11011 + 11010100100110001?
11010100101001100
In base 14, what is 19 + -77d8c44?
-77d8c29
In base 2, what is 10 - 1110000010100010001011?
-1110000010100010001001
In base 7, what is -151500 - -666?
-150501
In base 2, what is 101010001001010110 + 110?
101010001001011100
In base 8, what is 141542 - -24332?
166074
In base 4, what is 12 - 10113000332003?
-10113000331331
In base 10, what is 414 + -171397?
-170983
In base 11, what is -1765 + 14546?
12891
In base 16, what is -a93 + 1edb?
1448
In base 3, what is -1211102121222 - -110?
-1211102121112
In base 15, what is 1 + -147a431?
-147a430
In base 10, what is -212366 + 57?
-212309
In base 10, what is -165604099 + 3?
-165604096
In base 9, what is -24436 + 534?
-23802
In base 10, what is -989682 + -8?
-989690
In base 7, what is -2 - -216033052?
216033050
In base 16, what is -14 - 2babc2?
-2babd6
In base 16, what is -5a0 - -5209f?
51aff
In base 15, what is -5 - -4225326?
4225321
In base 15, what is 6 + -8c9a12?
-8c9a0b
In base 11, what is 4963876 + -5?
4963871
In base 8, what is 63737564 - 20?
63737544
In base 6, what is -4335131 - -100?
-4335031
In base 9, what is -2531 + 1601?
-830
In base 5, what is -22214344 + 11?
-22214333
In base 6, what is -250004 - 4040?
-254044
In base 12, what is 23236754 + -5?
2323674b
In base 15, what is -6d - -a47c?
a40e
In base 12, what is -19 - -22210?
221b3
In base 2, what is -101111001110001111011 - -10?
-101111001110001111001
In base 9, what is -2 - 117873784?
-117873786
In base 8, what is -31770164 - -4?
-31770160
In base 15, what is 1e342 - -6d?
1e3b0
In base 6, what is -113302 + 3501?
-105401
In base 12, what is 147 - -194b7?
19642
In base 6, what is 2 - 2114444045?
-2114444043
In base 3, what is 10 - 2121022202222?
-2121022202212
In base 4, what is -2 + 1323311310231?
1323311310223
In base 10, what is -868321668 - -5?
-868321663
In base 14, what is 9 - 9c294?
-9c289
In base 5, what is -312201 - 4442?
-322143
In base 12, what is -105b4 - 349?
-10941
In base 4, what is 12232 + -3321003211?
-3320330313
In base 4, what is 1 - -213231123220?
213231123221
In base 9, what is -38 - -1173420?
1173371
In base 16, what is -156 - 1ced89?
-1ceedf
In base 6, what is 22342103 - 43?
22342020
In base 15, what is 2357b81 - 1?
2357b80
In base 9, what is 70571687 - -3?
70571701
In base 14, what is -44045 + -20?
-44065
In base 2, what is 1000010110011000101100000 + -111?
1000010110011000101011001
In base 11, what is -2 + 28418a00?
284189a9
In base 9, what is 1 - 2837100?
-2837088
In base 13, what is -a - 6378b28?
-6378b35
In base 4, what is 32 - -1113021110?
1113021202
In base 16, what is -afef + -311?
-b300
In base 9, what is -20135 + 1272?
-17753
In base 2, what is -110000011 + 11001101001110010?
11001100011101111
In base 11, what is 5554528 + -7?
5554521
In base 16, what is -14afe + -e2?
-14be0
In base 15, what is -bae94a7 - 1?
-bae94a8
In base 10, what is 19937 + 762?
20699
In base 16, what is 352710a + 1?
352710b
In base 3, what is -1 + -210001121111210200?
-210001121111210201
In base 6, what is -15 + -131024045?
-131024104
In base 8, what is 273347206 - -1?
273347207
In base 14, what is 2857764 - 5?
285775d
In base 3, what is 1121210010211 - -12?
1121210011000
In base 13, what is -7745 + -c69?
-86b1
In base 3, what is -12112022210100011 - 12?
-12112022210100100
In base 15, what is 4165 + 409?
456e
In base 13, what is 23409 - 1952?
21787
In base 10, what is 3462892 - -52?
3462944
In base 4, what is -1110312200110 + 12?
-1110312200032
In base 12, what is -8351 - 12a3?
-9634
In base 9, what is -13761142 - 